base 8, what is -221231 - 24?
-221255
In base 12, what is -1 - 32998?
-32999
In base 12, what is 18b77 - -39?
18bb4
In base 14, what is 63 - c43a?
-c3b7
In base 14, what is -2 - 45b?
-45d
In base 11, what is -41 + -65293?
-65324
In base 15, what is 3 + 36446?
36449
In base 4, what is 10002133 + 313?
10003112
In base 4, what is 110011 - -1013?
111030
In base 16, what is -f33 + -4c?
-f7f
In base 5, what is -440 - -210?
-230
In base 13, what is -1a60a - 4?
-1a611
In base 16, what is 5 + 164bd?
164c2
In base 16, what is -106 - 27d?
-383
In base 12, what is -13693 + 0?
-13693
In base 11, what is 14 + 4844?
4858
In base 12, what is -b9358 - b?
-b9367
In base 9, what is 145 - 5803?
-5647
In base 14, what is 41 - -1758?
1799
In base 16, what is -c + 8a2?
896
In base 5, what is 4 - 422300441?
-422300432
In base 6, what is 1 + 31024?
31025
In base 9, what is 4 - 3820?
-3815
In base 11, what is -10 - -2546?
2536
In base 6, what is 222 + 12054?
12320
In base 13, what is -46 + -19027?
-19070
In base 10, what is 682 + 45?
727
In base 3, what is 22 - 1002101?
-1002002
In base 7, what is -1560 + -153?
-2043
In base 15, what is cd - -7c?
15a
In base 12, what is 6b - ba?
-4b
In base 7, what is -56415 - -41?
-56344
In base 4, what is 1213033313 + 10?
1213033323
In base 9, what is 128056 + -2?
128054
In base 11, what is -5286 - 4?
-528a
In base 6, what is 3 + -44105?
-44102
In base 6, what is -122 + -15110?
-15232
In base 3, what is -10 + -110102201?
-110102211
In base 3, what is -112100220012 - 2?
-112100220021
In base 6, what is -1005 - -4310?
3301
In base 6, what is -104342 + -44?
-104430
In base 6, what is -14004423 - 4?
-14004431
In base 10, what is -63685 - 5?
-63690
In base 13, what is 3ac + 1ab?
58a
In base 8, what is 44 + 1151?
1215
In base 12, what is -b + -2892b?
-2893a
In base 10, what is -454 + 5649?
5195
In base 5, what is 431014 - -4?
431023
In base 6, what is 4255 - -1?
4300
In base 14, what is 1b854b + -2?
1b8549
In base 10, what is -365 + 6?
-359
In base 7, what is -10255655 - -2?
-10255653
In base 3, what is -220121 - 200122?
-1121020
In base 8, what is -61765 + -7?
-61774
In base 16, what is -2248 - 67?
-22af
In base 8, what is 525456 + 1?
525457
In base 2, what is -110011001000101 + 1?
-110011001000100
In base 16, what is 5 - -b0b?
b10
In base 13, what is -2 + -1a278?
-1a27a
In base 12, what is -2567 + 2?
-2565
In base 7, what is 3305 - -20?
3325
In base 12, what is -15 - 10535?
-1054a
In base 2, what is 111010010110010111 - -100?
111010010110011011
In base 11, what is 146083a - 5?
1460835
In base 8, what is -1766235 + 2?
-1766233
In base 11, what is 92 + -71?
21
In base 5, what is 11 + -133442440?
-133442424
In base 6, what is -232242 + 14?
-232224
In base 2, what is 11101010110000000111 - -1?
11101010110000001000
In base 9, what is 2703858 - 4?
2703854
In base 6, what is -311 + 20434?
20123
In base 10, what is -1 + -141075?
-141076
In base 12, what is -34 - 3427?
-345b
In base 7, what is 60256 + 16?
60305
In base 11, what is -37 + -a980?
-aa07
In base 15, what is -3 - 1452?
-1455
In base 14, what is -2890a - 26?
-28932
In base 13, what is 7b8 + -610?
1a8
In base 11, what is -42759 + -1?
-4275a
In base 2, what is -11 - 10011101101111010?
-10011101101111101
In base 6, what is 1354250 - 3?
1354243
In base 8, what is -4 - -562?
556
In base 2, what is -100111010010010100000 + -1?
-100111010010010100001
In base 15, what is 1122a + 3?
1122d
In base 11, what is 101 + -1950?
-184a
In base 2, what is -11110100001 - 100011?
-11111000100
In base 3, what is 112000021 + -2?
112000012
In base 8, what is 4753425 + 0?
4753425
In base 7, what is 16 + -40553?
-40534
In base 11, what is a13 - a3?
920
In base 11, what is 172 - -7a3?
965
In base 14, what is -34 + 35a0?
356a
In base 8, what is -6041761 + 1?
-6041760
In base 15, what is -5766 - -b?
-575a
In base 14, what is -6 - 4074?
-407a
In base 2, what is 100100100011 + 1001?
100100101100
In base 4, what is 1132013 - -1133?
1133212
In base 3, what is 1101101 - -1011210?
2120011
In base 10, what is 1167 + -21?
1146
In base 4, what is -1133 + 2321002?
2313203
In base 8, what is 515 + 541?
1256
In base 13, what is 1 + -3c92?
-3c91
In base 5, what is 24410302 - -1?
24410303
In base 10, what is -23 - -7494?
7471
In base 12, what is -6 + 1a9?
1a3
In base 2, what is 1000111100010 + 10101?
1000111110111
In base 11, what is 5 - -2aa58?
2aa62
In base 8, what is 511331 - -4?
511335
In base 2, what is -11010 - 111011000000?
-111011011010
In base 11, what is -146a0 - 21?
-14711
In base 16, what is 504d + -4?
5049
In base 13, what is c4 - bc10?
-bb19
In base 11, what is 51 + -361?
-310
In base 15, what is -2de - -16?
-2c8
In base 9, what is 616 + 8?
625
In base 5, what is -141014322 - 0?
-141014322
In base 3, what is 12 - -201020112022?
201020112111
In base 14, what is 13d + -5d?
c0
In base 6, what is 5253 + 132?
5425
In base 10, what is -5 - -641845?
641840
In base 5, what is -312 + 1122?
310
In base 10, what is 1609 + 141?
1750
In base 9, what is 1580 - -328?
2018
In base 13, what is 91 + -227?
-166
In base 8, what is 50530 - 0?
50530
In base 5, what is -2 + -231421?
-231423
In base 9, what is 2158 + -31?
2127
In base 2, what is -100000111 + -101011110000?
-101111110111
In base 16, what is 4 + b11a6?
b11aa
In base 7, what is 16324344 + 5?
16324352
In base 7, what is 142 - 166533?
-166361
In base 15, what is 29c0 - 27?
2998
In base 7, what is -536621 + -3?
-536624
In base 8, what is -74 - -210?
114
In base 2, what is 10 - -100101101001111?
100101101010001
In base 9, what is -2732 - 450?
-3282
In base 4, what is 100332022 - -2?
100332030
In base 14, what is -14 + 541b?
5407
In base 9, what is -868 + 351?
-517
In base 15, what is -4 + 37a94?
37a90
In base 6, what is 10225051 - -1?
10225052
In base 9, what is 888 - 12?
876
In base 6, what is -53 + 545?
452
In base 4, what is 13101130111 + 2?
13101130113
In base 12, what is 98620 + -5?
98617
In base 8, what is 12 - 1647722?
-1647710
In base 15, what is -3b87c6 - -2?
-3b87c4
In base 4, what is 30 + -212030?
-212000
In base 15, what is a - 15e97?
-15e8c
In base 8, what is -45 + -573266?
-573333
In base 15, what is -1bd - 10c?
-2ca
In base 16, what is -21f1b + 0?
-21f1b
In base 9, what is -273331 - -2?
-273328
In base 7, what is 13025 + 12?
13040
In base 7, what is -2 + 133406?
133404
In base 2, what is 1 + -1000000011101000000?
-1000000011100111111
In base 9, what is 72531 - 45?
72475
In base 9, what is -75 + -40722?
-40807
In base 14, what is -2ca9 + -5a?
-2d25
In base 14, what is 130b3 - c?
130a5
In base 15, what is 2 + -2da7?
-2da5
In base 5, what is -211 + -13014?
-13230
In base 4, what is 11121220 - 10?
11121210
In base 11, what is -6 - -812?
807
In base 11, what is 0 + 20050?
20050
In base 7, what is 4362410 - 2?
4362405
In base 9, what is 7 - 58262?
-58254
In base 3, what is -1 - -100020010010?
100020010002
In base 14, what is 111d83 + 0?
111d83
In base 6, what is -3553 + 414?
-3135
In base 16, what is -49c - 2a?
-4c6
In base 16, what is 1709 - -12?
171b
In base 2, what is -10 - 101100011000011?
-101100011000101
In base 4, what is -11 + -20323022?
-20323033
In base 4, what is 232 + -33102?
-32210
In base 10, what is 2 + 35081?
35083
In base 11, what is -260 - -196?
-75
In base 6, what is 4 - -4404?
4412
In base 13, what is 2333 + 126?
2459
In base 10, what is -102375 + -2?
-102377
In base 14, what is -1 + -3bc92?
-3bc93
In base 7, what is 15 - -2032005?
2032023
In base 11, what is -52 - -1717?
1675
In base 14, what is 190ad - 2?
190ab
In base 14, what is 17 + -4882?
-4869
In base 12, what is -38 + 1220?
11a4
In base 10, what is 4743 - 18?
4725
In base 8, what is 265176 - -6?
265204
In base 7, what is 5 - 65523?
-65515
In base 16, what is -3 + -5eda?
-5edd
In base 15, what is 1 - -9a62?
9a63
In base 11, what is -1 - -342397?
342396
In base 11, what is -77 - -362?
296
In base 2, what is -10111101001 - -111100100?
-10000000101
In base 14, what is 2699 - 11?
2688
In base 10, what is -43 + 10231?
10188
In base 10, what is 2 - 167727?
-167725
In base 10, what is -5 - -2806?
2801
In base 2, what is 1100010010 + 100011000101?
101111010111
In base 2, what is -100 + 10110101011000101?
10110101011000001
In base 8, what is 464135 + 1?
464136
In base 4, what is -2300213 - -20?
-2